{"id":8,"date":"2026-01-27T16:14:43","date_gmt":"2026-01-27T16:14:43","guid":{"rendered":"https:\/\/iapgpos.com.br\/aulainaugural\/?page_id=8"},"modified":"2026-01-30T11:07:41","modified_gmt":"2026-01-30T11:07:41","slug":"sistemica","status":"publish","type":"page","link":"https:\/\/iapgpos.com.br\/aulainaugural\/","title":{"rendered":"Aula Inaugural de Terapia Sist\u00eamica"},"content":{"rendered":"\t\t<div data-elementor-type=\"wp-page\" data-elementor-id=\"8\" class=\"elementor elementor-8\">\n\t\t\t\t<div class=\"elementor-element elementor-element-099aee1 e-flex e-con-boxed e-con e-parent\" data-id=\"099aee1\" data-element_type=\"container\" data-e-type=\"container\">\n\t\t\t\t\t<div class=\"e-con-inner\">\n\t\t\t\t<div class=\"elementor-element elementor-element-cfe044e elementor-widget elementor-widget-image\" data-id=\"cfe044e\" data-element_type=\"widget\" data-e-type=\"widget\" data-widget_type=\"image.default\">\n\t\t\t\t\t\t\t\t\t\t\t\t\t\t\t<img fetchpriority=\"high\" decoding=\"async\" width=\"1270\" height=\"300\" src=\"https:\/\/iapgpos.com.br\/aulainaugural\/wp-content\/uploads\/2026\/01\/aula-inaugural-IAPG-2.webp\" class=\"attachment-full size-full wp-image-17\" alt=\"\" srcset=\"https:\/\/iapgpos.com.br\/aulainaugural\/wp-content\/uploads\/2026\/01\/aula-inaugural-IAPG-2.webp 1270w, https:\/\/iapgpos.com.br\/aulainaugural\/wp-content\/uploads\/2026\/01\/aula-inaugural-IAPG-2-300x71.webp 300w, https:\/\/iapgpos.com.br\/aulainaugural\/wp-content\/uploads\/2026\/01\/aula-inaugural-IAPG-2-1024x242.webp 1024w, https:\/\/iapgpos.com.br\/aulainaugural\/wp-content\/uploads\/2026\/01\/aula-inaugural-IAPG-2-768x181.webp 768w\" sizes=\"(max-width: 1270px) 100vw, 1270px\" \/>\t\t\t\t\t\t\t\t\t\t\t\t\t\t\t<\/div>\n\t\t\t\t\t<\/div>\n\t\t\t\t<\/div>\n\t\t<div class=\"elementor-element elementor-element-ac412dc e-flex e-con-boxed e-con e-parent\" data-id=\"ac412dc\" data-element_type=\"container\" data-e-type=\"container\">\n\t\t\t\t\t<div class=\"e-con-inner\">\n\t\t\t\t<div class=\"elementor-element elementor-element-4251fa6 elementor-widget elementor-widget-text-editor\" data-id=\"4251fa6\" data-element_type=\"widget\" data-e-type=\"widget\" data-widget_type=\"text-editor.default\">\n\t\t\t\t\t\t\t\t\t<iframe id=\"ibcda4b2d07b64a77aab52c7851b9e353\" src=\"https:\/\/web.eventogyn.com.br\/event\/iapgpos\/registration\" scrolling=\"no\" style=\"border: 0px; max-width: 100%; width: 100%;\"><\/iframe><br\/><script src=\"https:\/\/web.eventogyn.com.br\/node_modules\/iframe-resizer\/js\/iframeResizer.min.js?2.100.9\"><\/script><br\/><script>iFrameResize({ log: true }, \"#ibcda4b2d07b64a77aab52c7851b9e353\")<\/script><br\/>\t\t\t\t\t\t\t\t<\/div>\n\t\t\t\t\t<\/div>\n\t\t\t\t<\/div>\n\t\t<div class=\"elementor-element elementor-element-3e32c03 e-flex e-con-boxed e-con e-parent\" data-id=\"3e32c03\" data-element_type=\"container\" data-e-type=\"container\">\n\t\t\t\t\t<div class=\"e-con-inner\">\n\t\t<div class=\"elementor-element elementor-element-5696f5a e-con-full e-flex e-con e-child\" data-id=\"5696f5a\" data-element_type=\"container\" data-e-type=\"container\" data-settings=\"{&quot;background_background&quot;:&quot;classic&quot;}\">\n\t\t\t\t<div class=\"elementor-element elementor-element-9be2ab0 elementor-widget elementor-widget-heading\" data-id=\"9be2ab0\" data-element_type=\"widget\" data-e-type=\"widget\" data-widget_type=\"heading.default\">\n\t\t\t\t\t<h2 class=\"elementor-heading-title elementor-size-default\">Estudantes<\/h2>\t\t\t\t<\/div>\n\t\t\t\t<div class=\"elementor-element elementor-element-eaa656e elementor-widget elementor-widget-heading\" data-id=\"eaa656e\" data-element_type=\"widget\" data-e-type=\"widget\" data-widget_type=\"heading.default\">\n\t\t\t\t\t<h2 class=\"elementor-heading-title elementor-size-default\">R$ 60,00<\/h2>\t\t\t\t<\/div>\n\t\t\t\t<\/div>\n\t\t<div class=\"elementor-element elementor-element-064ca89 e-con-full e-flex e-con e-child\" data-id=\"064ca89\" data-element_type=\"container\" data-e-type=\"container\" data-settings=\"{&quot;background_background&quot;:&quot;classic&quot;}\">\n\t\t\t\t<div class=\"elementor-element elementor-element-dd22c1f elementor-widget elementor-widget-heading\" data-id=\"dd22c1f\" data-element_type=\"widget\" data-e-type=\"widget\" data-widget_type=\"heading.default\">\n\t\t\t\t\t<h2 class=\"elementor-heading-title elementor-size-default\">Matriculados Especializa\u00e7\u00e3o Turma 2026 IAPG<\/h2>\t\t\t\t<\/div>\n\t\t\t\t<div class=\"elementor-element elementor-element-8ab3535 elementor-widget elementor-widget-heading\" data-id=\"8ab3535\" data-element_type=\"widget\" data-e-type=\"widget\" data-widget_type=\"heading.default\">\n\t\t\t\t\t<h2 class=\"elementor-heading-title elementor-size-default\">R$ 0,00<\/h2>\t\t\t\t<\/div>\n\t\t\t\t<\/div>\n\t\t<div class=\"elementor-element elementor-element-0b6dbd2 e-con-full e-flex e-con e-child\" data-id=\"0b6dbd2\" data-element_type=\"container\" data-e-type=\"container\" data-settings=\"{&quot;background_background&quot;:&quot;classic&quot;}\">\n\t\t\t\t<div class=\"elementor-element elementor-element-dcd2cfc elementor-widget elementor-widget-heading\" data-id=\"dcd2cfc\" data-element_type=\"widget\" data-e-type=\"widget\" data-widget_type=\"heading.default\">\n\t\t\t\t\t<h2 class=\"elementor-heading-title elementor-size-default\">Ex-alunos P\u00f3s-Gradua\u00e7\u00e3o IAPG<\/h2>\t\t\t\t<\/div>\n\t\t\t\t<div class=\"elementor-element elementor-element-736917e elementor-widget elementor-widget-heading\" data-id=\"736917e\" data-element_type=\"widget\" data-e-type=\"widget\" data-widget_type=\"heading.default\">\n\t\t\t\t\t<h2 class=\"elementor-heading-title elementor-size-default\">R$ 120,00<\/h2>\t\t\t\t<\/div>\n\t\t\t\t<\/div>\n\t\t<div class=\"elementor-element elementor-element-094ca2d e-con-full e-flex e-con e-child\" data-id=\"094ca2d\" data-element_type=\"container\" data-e-type=\"container\" data-settings=\"{&quot;background_background&quot;:&quot;classic&quot;}\">\n\t\t\t\t<div class=\"elementor-element elementor-element-e5dafa4 elementor-widget elementor-widget-heading\" data-id=\"e5dafa4\" data-element_type=\"widget\" data-e-type=\"widget\" data-widget_type=\"heading.default\">\n\t\t\t\t\t<h2 class=\"elementor-heading-title elementor-size-default\">Associados ATFAGO e IBDFAM<\/h2>\t\t\t\t<\/div>\n\t\t\t\t<div class=\"elementor-element elementor-element-3ae1964 elementor-widget elementor-widget-heading\" data-id=\"3ae1964\" data-element_type=\"widget\" data-e-type=\"widget\" data-widget_type=\"heading.default\">\n\t\t\t\t\t<h2 class=\"elementor-heading-title elementor-size-default\">R$ 120,00<\/h2>\t\t\t\t<\/div>\n\t\t\t\t<\/div>\n\t\t<div class=\"elementor-element elementor-element-63e93f4 e-con-full e-flex e-con e-child\" data-id=\"63e93f4\" data-element_type=\"container\" data-e-type=\"container\" data-settings=\"{&quot;background_background&quot;:&quot;classic&quot;}\">\n\t\t\t\t<div class=\"elementor-element elementor-element-d28a225 elementor-widget elementor-widget-heading\" data-id=\"d28a225\" data-element_type=\"widget\" data-e-type=\"widget\" data-widget_type=\"heading.default\">\n\t\t\t\t\t<h2 class=\"elementor-heading-title elementor-size-default\">Professor(a) IAPG<\/h2>\t\t\t\t<\/div>\n\t\t\t\t<div class=\"elementor-element elementor-element-c72d871 elementor-widget elementor-widget-heading\" data-id=\"c72d871\" data-element_type=\"widget\" data-e-type=\"widget\" data-widget_type=\"heading.default\">\n\t\t\t\t\t<h2 class=\"elementor-heading-title elementor-size-default\">R$ 0,00<\/h2>\t\t\t\t<\/div>\n\t\t\t\t<\/div>\n\t\t<div class=\"elementor-element elementor-element-eac96d2 e-con-full e-flex e-con e-child\" data-id=\"eac96d2\" data-element_type=\"container\" data-e-type=\"container\" data-settings=\"{&quot;background_background&quot;:&quot;classic&quot;}\">\n\t\t\t\t<div class=\"elementor-element elementor-element-81c08a2 elementor-widget elementor-widget-heading\" data-id=\"81c08a2\" data-element_type=\"widget\" data-e-type=\"widget\" data-widget_type=\"heading.default\">\n\t\t\t\t\t<h2 class=\"elementor-heading-title elementor-size-default\">Profissionais<\/h2>\t\t\t\t<\/div>\n\t\t\t\t<div class=\"elementor-element elementor-element-217ed4f elementor-widget elementor-widget-heading\" data-id=\"217ed4f\" data-element_type=\"widget\" data-e-type=\"widget\" data-widget_type=\"heading.default\">\n\t\t\t\t\t<h2 class=\"elementor-heading-title elementor-size-default\">R$ 220,00<\/h2>\t\t\t\t<\/div>\n\t\t\t\t<\/div>\n\t\t\t\t\t<\/div>\n\t\t\t\t<\/div>\n\t\t<div class=\"elementor-element elementor-element-f833f90 e-flex e-con-boxed e-con e-parent\" data-id=\"f833f90\" data-element_type=\"container\" data-e-type=\"container\">\n\t\t\t\t\t<div class=\"e-con-inner\">\n\t\t<div class=\"elementor-element elementor-element-8b5e5cb e-con-full e-flex e-con e-child\" data-id=\"8b5e5cb\" data-element_type=\"container\" data-e-type=\"container\">\n\t\t\t\t<\/div>\n\t\t<div class=\"elementor-element elementor-element-babf975 e-con-full e-flex e-con e-child\" data-id=\"babf975\" data-element_type=\"container\" data-e-type=\"container\">\n\t\t\t\t<div class=\"elementor-element elementor-element-89b1cf9 elementor-align-justify elementor-widget elementor-widget-button\" data-id=\"89b1cf9\" data-element_type=\"widget\" data-e-type=\"widget\" data-widget_type=\"button.default\">\n\t\t\t\t\t\t\t\t\t\t<a class=\"elementor-button elementor-button-link elementor-size-sm\" href=\"https:\/\/web.eventogyn.com.br\/event\/iapgpos\/site\/content\/area-do-participante\" target=\"_blank\">\n\t\t\t\t\t\t<span class=\"elementor-button-content-wrapper\">\n\t\t\t\t\t\t\t\t\t<span class=\"elementor-button-text\">Estou inscrito(a), acompanhar inscri\u00e7\u00e3o<\/span>\n\t\t\t\t\t<\/span>\n\t\t\t\t\t<\/a>\n\t\t\t\t\t\t\t\t<\/div>\n\t\t\t\t<\/div>\n\t\t<div class=\"elementor-element elementor-element-e23933a e-con-full e-flex e-con e-child\" data-id=\"e23933a\" data-element_type=\"container\" data-e-type=\"container\">\n\t\t\t\t<\/div>\n\t\t\t\t\t<\/div>\n\t\t\t\t<\/div>\n\t\t<div class=\"elementor-element elementor-element-98d46ac e-flex e-con-boxed e-con e-parent\" data-id=\"98d46ac\" data-element_type=\"container\" data-e-type=\"container\">\n\t\t\t\t\t<div class=\"e-con-inner\">\n\t\t\t\t<div class=\"elementor-element elementor-element-8f77d1e elementor-widget-divider--view-line elementor-widget elementor-widget-divider\" data-id=\"8f77d1e\" data-element_type=\"widget\" data-e-type=\"widget\" data-widget_type=\"divider.default\">\n\t\t\t\t\t\t\t<div class=\"elementor-divider\">\n\t\t\t<span class=\"elementor-divider-separator\">\n\t\t\t\t\t\t<\/span>\n\t\t<\/div>\n\t\t\t\t\t\t<\/div>\n\t\t\t\t\t<\/div>\n\t\t\t\t<\/div>\n\t\t\t\t<\/div>\n\t\t","protected":false},"excerpt":{"rendered":"<p>Estudantes R$ 60,00 Matriculados Especializa\u00e7\u00e3o Turma 2026 IAPG R$ 0,00 Ex-alunos P\u00f3s-Gradua\u00e7\u00e3o IAPG R$ 120,00 Associados ATFAGO e IBDFAM R$ 120,00 Professor(a) IAPG R$ 0,00 Profissionais R$ 220,00 Estou inscrito(a), acompanhar inscri\u00e7\u00e3o<\/p>\n","protected":false},"author":1,"featured_media":0,"parent":0,"menu_order":0,"comment_status":"closed","ping_status":"closed","template":"elementor_canvas","meta":{"footnotes":""},"class_list":["post-8","page","type-page","status-publish","hentry"],"aioseo_notices":[],"_hostinger_reach_plugin_has_subscription_block":false,"_hostinger_reach_plugin_is_elementor":false,"_links":{"self":[{"href":"https:\/\/iapgpos.com.br\/aulainaugural\/wp-json\/wp\/v2\/pages\/8","targetHints":{"allow":["GET"]}}],"collection":[{"href":"https:\/\/iapgpos.com.br\/aulainaugural\/wp-json\/wp\/v2\/pages"}],"about":[{"href":"https:\/\/iapgpos.com.br\/aulainaugural\/wp-json\/wp\/v2\/types\/page"}],"author":[{"embeddable":true,"href":"https:\/\/iapgpos.com.br\/aulainaugural\/wp-json\/wp\/v2\/users\/1"}],"replies":[{"embeddable":true,"href":"https:\/\/iapgpos.com.br\/aulainaugural\/wp-json\/wp\/v2\/comments?post=8"}],"version-history":[{"count":37,"href":"https:\/\/iapgpos.com.br\/aulainaugural\/wp-json\/wp\/v2\/pages\/8\/revisions"}],"predecessor-version":[{"id":64,"href":"https:\/\/iapgpos.com.br\/aulainaugural\/wp-json\/wp\/v2\/pages\/8\/revisions\/64"}],"wp:attachment":[{"href":"https:\/\/iapgpos.com.br\/aulainaugural\/wp-json\/wp\/v2\/media?parent=8"}],"curies":[{"name":"wp","href":"https:\/\/api.w.org\/{rel}","templated":true}]}}